{"id":3318,"date":"2026-02-02T13:11:27","date_gmt":"2026-02-02T12:11:27","guid":{"rendered":"https:\/\/ahortadaavoa.com\/?post_type=product&#038;p=3318"},"modified":"2026-04-18T05:35:12","modified_gmt":"2026-04-18T03:35:12","slug":"bolo-de-avena","status":"publish","type":"product","link":"https:\/\/ahortadaavoa.com\/?product=bolo-de-avena","title":{"rendered":"Bolo de Avena (400g)"},"content":{"rendered":"<p>TRIGO, agua, AVENA troceada (9,4%), masa madre inactiva de TRIGO (harina de TRIGO fermentada, agua y sal), masa madre inactiva de CENTENO (agua, harina de CENTENO fermentada y sal), pur\u00e9 de patata (patatas deshidratadas (99%), emulgente: E471, c\u00farcuma, antioxidante: E222 (sulfito \u00e1cido de sodio) y corrector de acidez: E330), levadura, sal, emulgente: E472e, antioxidante: E300 y enzimas.<\/p>\n<p>Los siguientes valores son correspondientes a 100 g del producto:<br \/>\nValor energ\u00e9tico (Kcal) 244 kcal<br \/>\nProte\u00ednas 8 g<\/p>\n","protected":false},"excerpt":{"rendered":"<p>TRIGO, agua, AVENA troceada (9,4%), masa madre inactiva de TRIGO (harina de TRIGO fermentada, agua y sal), masa madre inactiva de CENTENO (agua, harina de CENTENO fermentada y sal), pur\u00e9 [&hellip;]<\/p>\n","protected":false},"featured_media":3319,"comment_status":"open","ping_status":"closed","template":"","meta":[],"product_brand":[],"product_cat":[15],"product_tag":[],"class_list":{"0":"post-3318","1":"product","2":"type-product","3":"status-publish","4":"has-post-thumbnail","6":"product_cat-cercania","8":"first","9":"instock","10":"taxable","11":"shipping-taxable","12":"purchasable","13":"product-type-simple"},"jetpack_sharing_enabled":true,"_links":{"self":[{"href":"https:\/\/ahortadaavoa.com\/index.php?rest_route=\/wp\/v2\/product\/3318","targetHints":{"allow":["GET"]}}],"collection":[{"href":"https:\/\/ahortadaavoa.com\/index.php?rest_route=\/wp\/v2\/product"}],"about":[{"href":"https:\/\/ahortadaavoa.com\/index.php?rest_route=\/wp\/v2\/types\/product"}],"replies":[{"embeddable":true,"href":"https:\/\/ahortadaavoa.com\/index.php?rest_route=%2Fwp%2Fv2%2Fcomments&post=3318"}],"wp:featuredmedia":[{"embeddable":true,"href":"https:\/\/ahortadaavoa.com\/index.php?rest_route=\/wp\/v2\/media\/3319"}],"wp:attachment":[{"href":"https:\/\/ahortadaavoa.com\/index.php?rest_route=%2Fwp%2Fv2%2Fmedia&parent=3318"}],"wp:term":[{"taxonomy":"product_brand","embeddable":true,"href":"https:\/\/ahortadaavoa.com\/index.php?rest_route=%2Fwp%2Fv2%2Fproduct_brand&post=3318"},{"taxonomy":"product_cat","embeddable":true,"href":"https:\/\/ahortadaavoa.com\/index.php?rest_route=%2Fwp%2Fv2%2Fproduct_cat&post=3318"},{"taxonomy":"product_tag","embeddable":true,"href":"https:\/\/ahortadaavoa.com\/index.php?rest_route=%2Fwp%2Fv2%2Fproduct_tag&post=3318"}],"curies":[{"name":"wp","href":"https:\/\/api.w.org\/{rel}","templated":true}]}}